ime factors of i.
1049
Let z = 6 - 6. Suppose -2*x + 35 = 5*r - 7*x, -r - 2*x - 5 = z. Suppose r*p - 3*g = -0*p + 36, 0 = -5*g - 5. List the prime factors of p.
11
Let y = -51 + 397. List the prime factors of y.
2, 173
Suppose -v = 2*v + 12. Let r be 11 - 0/(v*1). What are the prime factors of r - 0 - (-6 + 3)?
2, 7
Suppose -d = -4*j - 0*d, -2*d + 8 = 0. Let q(u) = 4*u + j + 3*u - 3*u - 4. List the prime factors of q(6).
3, 7
Let c = 2545 - 1628. What are the prime factors of c?
7, 131
Suppose u + t - 1694 = 240, -2*u = 4*t - 3876. List the prime factors of u.
2, 5, 193
Suppose -16*l + 1546 = -14*l. What are the prime factors of l?
773
Suppose 0 = 4*d + k - 6599, 61*d = 63*d + 3*k - 3297. What are the prime factors of d?
2, 3, 5, 11
Suppose -9203 - 10424 = -19*w. List the prime factors of w.
1033
Suppose -4*g = 0, -4*g = 3*d - 5627 - 3580. What are the prime factors of d?
3, 11, 31
Let v be (-6)/(-4)*(7 - 19/(-3)). List the prime factors of (-3933)/(-15) + (-4)/v.
2, 131
Suppose -11155 = -16*d + 7629. What are the prime factors of d?
2, 587
Let c(l) = -5 + 2*l + l + 2*l**2 - l**2 + 3*l**2. Let s(w) = 5*w**2 + 4*w - 4. Let q(o) = 3*c(o) - 2*s(o). What are the prime factors of q(4)?
29
Let d(y) = y**2 + 2*y + 2. Let h be d(-2). List the prime factors of (h + 12/(-4))*-2.
2
Suppose 3*m = -q + 372, -q = 3*q. Suppose -s = -4*g + 3*s + m, g = 5*s + 27. List the prime factors of g.
2
Let o(m) = -m + 62. List the prime factors of o(24).
2, 19
Suppose 4*m + 5 = 5*l - 12, 4*m + 3*l = 23. Suppose 0 = -3*q + m*q - 5*y + 70, 4 = 4*y. What are the prime factors of q?
5, 13
Let l(y) = y**3 + 1. Let n(v) = 5*v**3 - 4*v**2 + 5*v + 8. Let f(h) = -4*l(h) + n(h). Let j = 679 + -674. What are the prime factors of f(j)?
2, 3
Let i be 122/12 + 2/(-12). Let k = 38 + i. What are the prime factors of k?
2, 3
Let x(p) = -p**2 - 5*p + 3. Let c be x(-6). Let m = -5 - c. What are the prime factors of 1/(-3)*18/m?
3
Suppose 6*b - 4*b - 4 = -4*r, -3*b - 3*r + 6 = 0. Let t be 4/(-3 + ((-65)/(-20))/1). Suppose b*n - t = n. What are the prime factors of n?
2
Let r be 2 + (-5)/1 - -24. Suppose -a - r = -62. List the prime factors of a.
41
Suppose s = -4*s + 2*i + 28, -4*s - 4*i = 0. Suppose r = -s*p - 2 + 70, r = 0. What are the prime factors of p?
17
Suppose 0 = 9*o + 15 - 789. Let y = o + -72. List the prime factors of y.
2, 7
Let n = 190 + -89. Let g = -33 + n. What are the prime factors of g?
2, 17
Let d(x) = x + 9. Let c(i) = i**2 - 6*i + 1. Let w be c(5). Let o be d(w). Suppose -k = 3*b - 14, -2*k + 27 = -0*k + o*b. What are the prime factors of k?
11
Let n = 747 + -143. What are the prime factors of n?
2, 151
Let o(q) = -q**3 + 20*q**2 - 34*q + 17. What are the prime factors of o(15)?
2, 79
Let m = 9 + -17. Let o = m - -13. Suppose 0*n - n = -5*f - 25, o*n - 81 = 3*f. List the prime factors of n.
3, 5
Let k(f) = 41*f - 1. Let l(i) = -41*i + 1. Let n(z) = 2*k(z) + 3*l(z). What are the prime factors of n(-1)?
2, 3, 7
Let g(s) = 12*s**2 + 2*s + 4. Let b = 52 - 49. What are the prime factors of g(b)?
2, 59
Suppose 0 = 3*i - 5*s + 46, -8 = 2*i + 2*s + 12. What are the prime factors of (-639)/(-6)*i/(-9)?
2, 71
List the prime factors of 120/(-100)*1585/(-2).
3, 317
Suppose 0 = -6*a + 3*a. Suppose -3*f + 8*f - 5 = a, 3*f = -4*v + 195. Suppose 0 = 5*u - v - 17. List the prime factors of u.
13
Suppose 11*n = 4*n + 2023. List the prime factors of n.
17
List the prime factors of 87464/65 + (-9)/15.
5, 269
Let t = -68 + 71. Suppose 97 = t*u - 98. List the prime factors of u.
5, 13
Suppose 393 = 5*s - 4*q, -2*s + 107 = -2*q - 49. What are the prime factors of s?
3
Let d(i) = -5*i - i**2 + 12 - 2*i - 5. Let v = -34 - -27. List the prime factors of d(v).
7
Let b = 1484 - 1199. List the prime factors of b.
3, 5, 19
Let p(u) = -u**3 - 6*u**2 + 7*u + 6. Let q be p(-7). Suppose -2*y + 0*h + q = -2*h, 0 = 5*y + 5*h - 15. List the prime factors of (-1)/y + (-67)/(-3).
2, 11
Let l = -131 + 184. Suppose -2*o = 2*c + o - l, -2*c = 5*o - 63. List the prime factors of c.
19
Suppose -5*r = 2258 - 7903. What are the prime factors of r?
1129
Let t = 24 + -20. Let r = t - 1. Suppose -r*s - 2*p = -6, 0*s - 17 = -2*s + 3*p. List the prime factors of s.
2
Suppose -l - 27 = 4*p + 2, -2*l = -4*p - 2. Let y = 1 + l. What are the prime factors of (-469)/(-8) + (-3)/y?
59
Let h(m) = 14*m + 2. Let s be h(5). Suppose -2*i - 5*r + s = 6, 2*r = 4*i - 180. What are the prime factors of i?
43
Let d be 165/(-2)*20/(-6) - 1. Let x = d - 112. What are the prime factors of x?
2, 3
Let l(d) = 4*d**2 - 8*d + 2. Let v = 76 + -69. What are the prime factors of l(v)?
2, 71
Let y = 635 + -522. List the prime factors of y.
113
Let a(x) = 5 + 0 - x + 1. Let z(w) = 2*w**3 - 11*w**2 + 3*w + 5. Let y be z(5). What are the prime factors of a(y)?
11
List the prime factors of 158 - (4 + (-5 - -4)).
5, 31
Let t(q) = q**3 + 12*q**2 + 12*q + 6. Let i = 56 - 64. List the prime factors of t(i).
2, 83
Suppose -2*t = -5*c - 9220, -5*t - 4*c + 6263 + 16853 = 0. What are the prime factors of t?
2, 3, 5, 7, 11
List the prime factors of (-1 + 1937/(-3))*(-18)/12.
2, 5, 97
Let q(n) = 0 - n**2 + 2 + 0*n**2 - n + 2*n**2. Let v be q(2). Suppose -4*b - v*y = -8, -b + 4*y + 4 + 18 = 0. List the prime factors of b.
2, 3
Let g(x) = x**3 - 10 + 13*x + 3*x - 3 - 15*x**2. Let h be g(14). Suppose -2*f = f - h. List the prime factors of f.
5
Let b(i) = i - 3. Let j be b(-4). List the prime factors of (-16)/(j/(-35)*(0 + -1)).
2, 5
Suppose 827 = 3*z - 2*r, -3*z + 561 = 4*r - 296. What are the prime factors of z?
3, 31
Suppose 3*s - 761 = 3208. What are the prime factors of s?
3, 7
Let g(y) = -248*y - 39. What are the prime factors of g(-5)?
1201
Let v(l) = -l - 4. Let z be v(-8). Let n(m) = m**2 + 6*m - 5. List the prime factors of n(z).
5, 7
Suppose 5*w = -53 - 47. Let g be w/(-6) - (-12)/18. List the prime factors of 112*4/(g - -4).
2, 7
Suppose -6*b + 7*b + 3 = 0. Let m be b*(0 - (-58)/(-6)). Let t = -17 + m. What are the prime factors of t?
2, 3
Suppose -5*c + 2*i = 6, 2*i + 6 = -c + 4*i. Suppose -4*s - k = -53 - 87, c = -s - 3*k + 46. List the prime factors of s.
2, 17
Let t be 54/15 + (-15)/25. Suppose -4*i + 16 = -5*y, 2*i - 8 = t*y - 7*y. Suppose -105 = d - i*d. List the prime factors of d.
5, 7
Suppose 4*t + 0*t = 0. Suppose 2*r + r + 90 = t. What are the prime factors of ((-28)/(-10))/((-3)/r)?
2, 7
Let b(p) = -2*p + 1. Let i be (-48)/(-6) + 1*-3. Suppose -f - 15 = i*w + 7, -2*f + 31 = -5*w. What are the prime factors of b(w)?
11
Let w(k) = -7 + 7 + 2*k + k. Let r be w(-1). Let a(m) = m**2 - m - 4. What are the prime factors of a(r)?
2
Suppose 4*t - 14 = t + s, -t = 4*s - 22. Let c be (-69)/t - (-4)/(-8). What are the prime factors of 39/18 - (-2)/c?
2
Let h = -2798 + 4820. List the prime factors of h.
2, 3, 337
Let p be 1 - -1 - (20 + -1). Let i(t) = -47*t + 78. Let w(k) = 26*k - 39. Let d(n) = -6*i(n) - 11*w(n). List the prime factors of d(p).
29
Let q = -533 + 788. What are the prime factors of q?
3, 5, 17
Suppose 3*t - 5*t + z = -143, -5*t = -3*z - 356. Let a = t + -5. List the prime factors of 1/(-3) - a/(-6).
11
Suppose -2*k + 0*c = c - 177, 2*k = -5*c + 157. Let m(l) = l**2 + 5*l + 1. Let p be m(4). Suppose 2*u = k - p. List the prime factors of u.
3
Let l be -1*(-32 - 3/3). Let a = l + -60. Let d = a + 57. What are the prime factors of d?
2, 3, 5
Suppose -6*b + 504 = -3*b. What are the prime factors of b?
2, 3, 7
Let o(g) be the second derivative of g**3/6 + 4*g**2 + g. What are the prime factors of o(-4)?
2
Suppose 4*i = -12 - 404. List the prime factors of (-536)/i - 2/13.
5
Let x = 112 - -136. List the prime factors of x.
2, 31
Let n = -496 + 748. List the prime factors of n.
2, 3, 7
Let d = -422 - -444. What are the prime factors of d?
2, 11
Let q(o) be the third derivative of -o**4/4 - 2*o**3/3 + 12*o**2. List the prime factors of q(-7).
2, 19
Let t(m) = 34*m**2 + 51*m - 73. What are the prime factors of t(-11)?
2, 3, 5, 29
Suppose -2*o + 8*o = 1920. Suppose -5*d + 0*k + 409 = -2*k, -o = -4*d + 4*k. List the prime factors of d.
83
Let x(i) = 3*i + 17*i**2 + 34*i**3 - 10*i**2 - 4 - 35*i**3. What are the prime factors of x(-3)?
7, 11
Suppose 4*x - 15 = 25. Suppose 0 = -4*m - 2 + x. Let l = m + 14. List the prime factors of l.
2
Sup